{"id":908,"date":"2020-06-23T18:46:20","date_gmt":"2020-06-23T16:46:20","guid":{"rendered":"https:\/\/activesc.se\/solleftea\/?page_id=908"},"modified":"2023-03-01T08:59:43","modified_gmt":"2023-03-01T07:59:43","slug":"cookies","status":"publish","type":"page","link":"https:\/\/activesc.se\/solleftea\/cookies\/","title":{"rendered":"Cookies"},"content":{"rendered":"\t\t<div data-elementor-type=\"wp-page\" data-elementor-id=\"908\" class=\"elementor elementor-908\" data-elementor-post-type=\"page\">\n\t\t\t\t\t\t<section class=\"elementor-section elementor-top-section elementor-element elementor-element-4896b80a elementor-section-boxed elementor-section-height-default elementor-section-height-default\" data-id=\"4896b80a\" data-element_type=\"section\">\n\t\t\t\t\t\t<div class=\"elementor-container elementor-column-gap-default\">\n\t\t\t\t\t<div class=\"elementor-column elementor-col-100 elementor-top-column elementor-element elementor-element-37352c00\" data-id=\"37352c00\" data-element_type=\"column\">\n\t\t\t<div class=\"elementor-widget-wrap elementor-element-populated\">\n\t\t\t\t\t\t<div class=\"elementor-element elementor-element-2414b149 elementor-widget elementor-widget-heading\" data-id=\"2414b149\" data-element_type=\"widget\" data-widget_type=\"heading.default\">\n\t\t\t\t<div class=\"elementor-widget-container\">\n\t\t\t<h2 class=\"elementor-heading-title elementor-size-default\">Cookies<\/h2>\t\t<\/div>\n\t\t\t\t<\/div>\n\t\t\t\t<div class=\"elementor-element elementor-element-167671fd elementor-widget elementor-widget-heading\" data-id=\"167671fd\" data-element_type=\"widget\" data-widget_type=\"heading.default\">\n\t\t\t\t<div class=\"elementor-widget-container\">\n\t\t\t<h2 class=\"elementor-heading-title elementor-size-default\">Active Sports Club f\u00f6rbeh\u00e5ller sig r\u00e4tten att \u00e4ndra denna cookies-policy genom att uppdatera denna sida. Vid st\u00f6rre f\u00f6r\u00e4ndringar kommer vi att informera dig som medlem om dessa.<\/h2>\t\t<\/div>\n\t\t\t\t<\/div>\n\t\t\t\t<div class=\"elementor-element elementor-element-40bc70c9 elementor-widget elementor-widget-text-editor\" data-id=\"40bc70c9\" data-element_type=\"widget\" data-widget_type=\"text-editor.default\">\n\t\t\t\t<div class=\"elementor-widget-container\">\n\t\t\t\t\t\t\t<p>N\u00e4r du anv\u00e4nder activesc.se samlar vi in viss information om dig och din anv\u00e4ndning i syfte att g\u00f6ra anv\u00e4ndarupplevelsen b\u00e4ttre och f\u00f6r att kunna f\u00f6ra relevant kommunikation med dig. Nedan kan du l\u00e4sa om cookies och hur det fungerar, vad vi samlar in samt varf\u00f6r vi anv\u00e4nder det.<\/p>\t\t\t\t\t\t<\/div>\n\t\t\t\t<\/div>\n\t\t\t\t<div class=\"elementor-element elementor-element-28e69d5 elementor-widget elementor-widget-heading\" data-id=\"28e69d5\" data-element_type=\"widget\" data-widget_type=\"heading.default\">\n\t\t\t\t<div class=\"elementor-widget-container\">\n\t\t\t<h2 class=\"elementor-heading-title elementor-size-default\">Vad \u00e4r en cookie och hur fungerar den?<\/h2>\t\t<\/div>\n\t\t\t\t<\/div>\n\t\t\t\t<div class=\"elementor-element elementor-element-637af9c9 elementor-widget elementor-widget-text-editor\" data-id=\"637af9c9\" data-element_type=\"widget\" data-widget_type=\"text-editor.default\">\n\t\t\t\t<div class=\"elementor-widget-container\">\n\t\t\t\t\t\t\t<p>En cookie \u00e4r en liten textfil som ber om tillst\u00e5nd att placeras p\u00e5 din dators h\u00e5rddisk eller din mobila enhet n\u00e4r du anv\u00e4nder en webbplats. Den accepterar att webbplatser \u201ckommer ih\u00e5g\u201d anv\u00e4ndares tidigare anv\u00e4ndning och preferenser \u00f6ver tid.<\/p><p>All data som sparas \u00e4r pseudonymiserad. Vilket betyder att informationen som sparas inte \u00e4r igenk\u00e4nnbar. Informationen vi samlar in fr\u00e5n cookies raderas automatiskt efter en viss tid.<\/p><p>Mer information om cookies och lagen om elektronisk kommunikation finner du p\u00e5\u00a0<a title=\"Om mina cookies\" href=\"http:\/\/www.minacookies.se\/\" target=\"_blank\" rel=\"noopener nofollow noreferrer\">Mina Cookies webbplats<\/a>.<\/p>\t\t\t\t\t\t<\/div>\n\t\t\t\t<\/div>\n\t\t\t\t<div class=\"elementor-element elementor-element-f46dfc9 elementor-widget elementor-widget-heading\" data-id=\"f46dfc9\" data-element_type=\"widget\" data-widget_type=\"heading.default\">\n\t\t\t\t<div class=\"elementor-widget-container\">\n\t\t\t<h2 class=\"elementor-heading-title elementor-size-default\">Informationen vi samlar in<\/h2>\t\t<\/div>\n\t\t\t\t<\/div>\n\t\t\t\t<div class=\"elementor-element elementor-element-3cd0ecd9 elementor-widget elementor-widget-text-editor\" data-id=\"3cd0ecd9\" data-element_type=\"widget\" data-widget_type=\"text-editor.default\">\n\t\t\t\t<div class=\"elementor-widget-container\">\n\t\t\t\t\t\t\t<ul><li>Geografisk information som adress<\/li><li>Demografisk information s\u00e5som preferenser och intressen<\/li><li>Teknisk information som t.ex. vilken enhet och operativsystem du anv\u00e4nder<\/li><li>Referensdata som t.ex. vilken annan kanal du kom ifr\u00e5n<\/li><li>Anv\u00e4ndningsdata som; klick, sidvisningar och scroll.<\/li><\/ul>\t\t\t\t\t\t<\/div>\n\t\t\t\t<\/div>\n\t\t\t\t<div class=\"elementor-element elementor-element-769bdde3 elementor-widget elementor-widget-heading\" data-id=\"769bdde3\" data-element_type=\"widget\" data-widget_type=\"heading.default\">\n\t\t\t\t<div class=\"elementor-widget-container\">\n\t\t\t<h2 class=\"elementor-heading-title elementor-size-default\">Varf\u00f6r vi anv\u00e4nder cookies<\/h2>\t\t<\/div>\n\t\t\t\t<\/div>\n\t\t\t\t<div class=\"elementor-element elementor-element-15e30dac elementor-widget elementor-widget-text-editor\" data-id=\"15e30dac\" data-element_type=\"widget\" data-widget_type=\"text-editor.default\">\n\t\t\t\t<div class=\"elementor-widget-container\">\n\t\t\t\t\t\t\t<p>Vi anv\u00e4nder till st\u00f6rsta del cookies f\u00f6r att identifiera hur v\u00e5ra anv\u00e4ndare nyttjar v\u00e5r webbplats. Detta hj\u00e4lper oss i arbetet med att analysera webbplatsens sessionsdata och f\u00f6rb\u00e4ttra utifr\u00e5n de insikter vi f\u00e5r av det.<\/p><p>Informationen som samlas in via cookies anv\u00e4nds \u00e4ven f\u00f6r att kunna f\u00f6lja upp ditt bes\u00f6k med marknadskommunikation och annonsering, t.ex. sociala medier, via s k\u00a0<em>Retargeting<\/em>\u00a0och\u00a0<em>Remarketing<\/em>.<\/p>\t\t\t\t\t\t<\/div>\n\t\t\t\t<\/div>\n\t\t\t\t<div class=\"elementor-element elementor-element-3ab17d1 elementor-widget elementor-widget-heading\" data-id=\"3ab17d1\" data-element_type=\"widget\" data-widget_type=\"heading.default\">\n\t\t\t\t<div class=\"elementor-widget-container\">\n\t\t\t<h2 class=\"elementor-heading-title elementor-size-default\">Vill du inte att vi samlar in information om din anv\u00e4ndning via cookies?<\/h2>\t\t<\/div>\n\t\t\t\t<\/div>\n\t\t\t\t<div class=\"elementor-element elementor-element-5dfbf81c elementor-widget elementor-widget-text-editor\" data-id=\"5dfbf81c\" data-element_type=\"widget\" data-widget_type=\"text-editor.default\">\n\t\t\t\t<div class=\"elementor-widget-container\">\n\t\t\t\t\t\t\t<p>De flesta webbl\u00e4sare till\u00e5ter cookies men anv\u00e4ndare kan st\u00e4lla in s\u00e5 att deras webbl\u00e4sare nekar till\u00e5telse, blockerar cookies fr\u00e5n tredjepart samt ta bort dem n\u00e4r helst de vill. Ifall du v\u00e4ljer att blockera cookies p\u00e5 v\u00e5r webbplats kan det inneb\u00e4ra att vissa funktioner slutar att fungera och att anv\u00e4ndarupplevelsen blir s\u00e4mre.<\/p><p>L\u00e5t oss guida dig igenom hur du tar bort dem i de tv\u00e5 mest anv\u00e4nda webbl\u00e4sarna som anv\u00e4nds f\u00f6r v\u00e5r webbplats:<\/p>\t\t\t\t\t\t<\/div>\n\t\t\t\t<\/div>\n\t\t\t\t<div class=\"elementor-element elementor-element-41aeba05 elementor-widget elementor-widget-heading\" data-id=\"41aeba05\" data-element_type=\"widget\" data-widget_type=\"heading.default\">\n\t\t\t\t<div class=\"elementor-widget-container\">\n\t\t\t<h2 class=\"elementor-heading-title elementor-size-default\">S\u00e5 h\u00e4r g\u00f6r du i Google Chrome<\/h2>\t\t<\/div>\n\t\t\t\t<\/div>\n\t\t\t\t<div class=\"elementor-element elementor-element-8c8ec65 elementor-widget elementor-widget-text-editor\" data-id=\"8c8ec65\" data-element_type=\"widget\" data-widget_type=\"text-editor.default\">\n\t\t\t\t<div class=\"elementor-widget-container\">\n\t\t\t\t\t\t\t<ol><li>G\u00e5 in under\u00a0<span class=\"u-text--italic\">inst\u00e4llningar\u00a0<\/span>i webbl\u00e4saren.<\/li><li>G\u00e5 till\u00a0<span class=\"u-text--italic\">webbplatsinst\u00e4llningar.<\/span><\/li><li>V\u00e4lj\u00a0<span class=\"u-text--italic\">Cookies och webbplatsdata.<\/span><\/li><li>V\u00e4lj\u00a0<span class=\"u-text--italic\">Se alla cookies och webbplatsdata.<\/span><\/li><li>Ta bort de cookies fr\u00e5n listan du inte vill ha kvar genom att klicka p\u00e5 papperskorgen.<\/li><\/ol>\t\t\t\t\t\t<\/div>\n\t\t\t\t<\/div>\n\t\t\t\t<div class=\"elementor-element elementor-element-70bcd6d elementor-widget elementor-widget-heading\" data-id=\"70bcd6d\" data-element_type=\"widget\" data-widget_type=\"heading.default\">\n\t\t\t\t<div class=\"elementor-widget-container\">\n\t\t\t<h2 class=\"elementor-heading-title elementor-size-default\">S\u00e5 h\u00e4r g\u00f6r du i Safari<\/h2>\t\t<\/div>\n\t\t\t\t<\/div>\n\t\t\t\t<div class=\"elementor-element elementor-element-4b209d2 elementor-widget elementor-widget-text-editor\" data-id=\"4b209d2\" data-element_type=\"widget\" data-widget_type=\"text-editor.default\">\n\t\t\t\t<div class=\"elementor-widget-container\">\n\t\t\t\t\t\t\t<ol><li>G\u00e5 in under\u00a0<span class=\"u-text--italic\">inst\u00e4llningar\u00a0<\/span>i webbl\u00e4saren.<\/li><li>G\u00e5 in under fliken S<span class=\"u-text--italic\">ekretess.<\/span><\/li><li>Klicka p\u00e5\u00a0<span class=\"u-text--italic\">Hantera all webbplatsdata.<\/span><\/li><li>V\u00e4lj i listan vilka cookies du vill ta bort genom att markera dem och sen klicka p\u00e5\u00a0<span class=\"u-text--italic\">ta bort<\/span>.<\/li><\/ol>\t\t\t\t\t\t<\/div>\n\t\t\t\t<\/div>\n\t\t\t\t\t<\/div>\n\t\t<\/div>\n\t\t\t\t\t<\/div>\n\t\t<\/section>\n\t\t\t\t<\/div>\n\t\t","protected":false},"excerpt":{"rendered":"<p>Cookies Active Sports Club f\u00f6rbeh\u00e5ller sig r\u00e4tten att \u00e4ndra denna cookies-policy genom att uppdatera denna sida. Vid st\u00f6rre f\u00f6r\u00e4ndringar kommer&hellip;<\/p>\n","protected":false},"author":1,"featured_media":0,"parent":0,"menu_order":0,"comment_status":"closed","ping_status":"closed","template":"elementor_header_footer","meta":{"footnotes":""},"acf":[],"_links":{"self":[{"href":"https:\/\/activesc.se\/solleftea\/wp-json\/wp\/v2\/pages\/908"}],"collection":[{"href":"https:\/\/activesc.se\/solleftea\/wp-json\/wp\/v2\/pages"}],"about":[{"href":"https:\/\/activesc.se\/solleftea\/wp-json\/wp\/v2\/types\/page"}],"author":[{"embeddable":true,"href":"https:\/\/activesc.se\/solleftea\/wp-json\/wp\/v2\/users\/1"}],"replies":[{"embeddable":true,"href":"https:\/\/activesc.se\/solleftea\/wp-json\/wp\/v2\/comments?post=908"}],"version-history":[{"count":22,"href":"https:\/\/activesc.se\/solleftea\/wp-json\/wp\/v2\/pages\/908\/revisions"}],"predecessor-version":[{"id":86937,"href":"https:\/\/activesc.se\/solleftea\/wp-json\/wp\/v2\/pages\/908\/revisions\/86937"}],"wp:attachment":[{"href":"https:\/\/activesc.se\/solleftea\/wp-json\/wp\/v2\/media?parent=908"}],"curies":[{"name":"wp","href":"https:\/\/api.w.org\/{rel}","templated":true}]}}