{"id":599,"date":"2019-09-03T08:08:55","date_gmt":"2019-09-03T06:08:55","guid":{"rendered":"https:\/\/activesc.se\/kramfors\/?page_id=599"},"modified":"2023-03-02T18:00:59","modified_gmt":"2023-03-02T17:00:59","slug":"varva-en-van","status":"publish","type":"page","link":"https:\/\/activesc.se\/kramfors\/varva-en-van\/","title":{"rendered":"V\u00e4rva en v\u00e4n"},"content":{"rendered":"\t\t<div data-elementor-type=\"wp-page\" data-elementor-id=\"599\" class=\"elementor elementor-599\" data-elementor-post-type=\"page\">\n\t\t\t\t\t\t<section class=\"elementor-section elementor-top-section elementor-element elementor-element-56181e3d elementor-section-boxed elementor-section-height-default elementor-section-height-default\" data-id=\"56181e3d\" data-element_type=\"section\">\n\t\t\t\t\t\t<div class=\"elementor-container elementor-column-gap-default\">\n\t\t\t\t\t<div class=\"elementor-column elementor-col-100 elementor-top-column elementor-element elementor-element-7ba1342\" data-id=\"7ba1342\" data-element_type=\"column\">\n\t\t\t<div class=\"elementor-widget-wrap elementor-element-populated\">\n\t\t\t\t\t\t<div class=\"elementor-element elementor-element-5c12c841 elementor-widget elementor-widget-text-editor\" data-id=\"5c12c841\" data-element_type=\"widget\" data-widget_type=\"text-editor.default\">\n\t\t\t\t<div class=\"elementor-widget-container\">\n\t\t\t\t\t\t\t<br \/>\n\t\t\t\t\t\t<\/div>\n\t\t\t\t<\/div>\n\t\t\t\t\t<\/div>\n\t\t<\/div>\n\t\t\t\t\t<\/div>\n\t\t<\/section>\n\t\t\t\t<section class=\"elementor-section elementor-top-section elementor-element elementor-element-38def8b5 elementor-section-full_width elementor-section-height-default elementor-section-height-default\" data-id=\"38def8b5\" data-element_type=\"section\">\n\t\t\t\t\t\t<div class=\"elementor-container elementor-column-gap-wide\">\n\t\t\t\t\t<div class=\"elementor-column elementor-col-100 elementor-top-column elementor-element elementor-element-b65f54e\" data-id=\"b65f54e\" data-element_type=\"column\">\n\t\t\t<div class=\"elementor-widget-wrap elementor-element-populated\">\n\t\t\t\t\t\t<div class=\"elementor-element elementor-element-31ee3d8 elementor-widget elementor-widget-heading\" data-id=\"31ee3d8\" data-element_type=\"widget\" data-widget_type=\"heading.default\">\n\t\t\t\t<div class=\"elementor-widget-container\">\n\t\t\t<h3 class=\"elementor-heading-title elementor-size-default\">V\u00e4rva en v\u00e4n!<\/h3>\t\t<\/div>\n\t\t\t\t<\/div>\n\t\t\t\t\t<\/div>\n\t\t<\/div>\n\t\t\t\t\t<\/div>\n\t\t<\/section>\n\t\t\t\t<section class=\"elementor-section elementor-top-section elementor-element elementor-element-2f76d0d0 elementor-section-height-min-height elementor-section-items-stretch elementor-section-boxed elementor-section-height-default\" data-id=\"2f76d0d0\" data-element_type=\"section\">\n\t\t\t\t\t\t<div class=\"elementor-container elementor-column-gap-wide\">\n\t\t\t\t\t<div class=\"elementor-column elementor-col-50 elementor-top-column elementor-element elementor-element-5240fdcb\" data-id=\"5240fdcb\" data-element_type=\"column\">\n\t\t\t<div class=\"elementor-widget-wrap elementor-element-populated\">\n\t\t\t\t\t\t<div class=\"elementor-element elementor-element-2810f186 elementor-widget elementor-widget-heading\" data-id=\"2810f186\" data-element_type=\"widget\" data-widget_type=\"heading.default\">\n\t\t\t\t<div class=\"elementor-widget-container\">\n\t\t\t<h3 class=\"elementor-heading-title elementor-size-default\">\nTillsammans blir vi starkare!<\/h3>\t\t<\/div>\n\t\t\t\t<\/div>\n\t\t\t\t<div class=\"elementor-element elementor-element-cf51e87 elementor-widget elementor-widget-text-editor\" data-id=\"cf51e87\" data-element_type=\"widget\" data-widget_type=\"text-editor.default\">\n\t\t\t\t<div class=\"elementor-widget-container\">\n\t\t\t\t\t\t\t<p><strong>Nu kan du som medlem p\u00e5 Active Sports Club v\u00e4rva dina v\u00e4nner till att bli medlem hos oss! Som bel\u00f6ning f\u00e5r du en gratism\u00e5nad f\u00f6r varje person du v\u00e4rvar.<\/strong><\/p>\n<p>1 v\u00e4rvad medlem = 1 gratis tr\u00e4ningsm\u00e5nad f\u00f6r dig!<br \/>12 v\u00e4rvade medlemmar = Ett \u00e5rs gratis tr\u00e4ning f\u00f6r dig!<\/p>\n<p>Det finns ingen gr\u00e4ns p\u00e5 hur m\u00e5nga v\u00e4nner du kan v\u00e4rva! Det enda du beh\u00f6ver g\u00f6ra \u00e4r att f\u00f6lja med den personen till v\u00e5r reception p\u00e5 vid inskrivningen!<\/p>\n<p><b><strong>V\u00e4rva en v\u00e4n g\u00e4ller endast nya medlemmar.\u00a0<\/strong><\/b><\/p>\t\t\t\t\t\t<\/div>\n\t\t\t\t<\/div>\n\t\t\t\t<div class=\"elementor-element elementor-element-95014de elementor-widget elementor-widget-spacer\" data-id=\"95014de\" data-element_type=\"widget\" data-widget_type=\"spacer.default\">\n\t\t\t\t<div class=\"elementor-widget-container\">\n\t\t\t\t\t<div class=\"elementor-spacer\">\n\t\t\t<div class=\"elementor-spacer-inner\"><\/div>\n\t\t<\/div>\n\t\t\t\t<\/div>\n\t\t\t\t<\/div>\n\t\t\t\t\t<\/div>\n\t\t<\/div>\n\t\t\t\t<div class=\"elementor-column elementor-col-50 elementor-top-column elementor-element elementor-element-2d0cdfb7\" data-id=\"2d0cdfb7\" data-element_type=\"column\">\n\t\t\t<div class=\"elementor-widget-wrap elementor-element-populated\">\n\t\t\t\t\t\t<div class=\"elementor-element elementor-element-2f79666f elementor-widget elementor-widget-image\" data-id=\"2f79666f\" data-element_type=\"widget\" data-widget_type=\"image.default\">\n\t\t\t\t<div class=\"elementor-widget-container\">\n\t\t\t\t\t\t\t\t\t\t\t\t\t<img fetchpriority=\"high\" decoding=\"async\" width=\"741\" height=\"863\" src=\"https:\/\/activesc.se\/kramfors\/wp-content\/uploads\/sites\/2\/2023\/03\/Namnlost-3-2.png\" class=\"attachment-large size-large wp-image-86411\" alt=\"\" srcset=\"https:\/\/activesc.se\/kramfors\/wp-content\/uploads\/sites\/2\/2023\/03\/Namnlost-3-2.png 741w, https:\/\/activesc.se\/kramfors\/wp-content\/uploads\/sites\/2\/2023\/03\/Namnlost-3-2-258x300.png 258w\" sizes=\"(max-width: 741px) 100vw, 741px\" \/>\t\t\t\t\t\t\t\t\t\t\t\t\t<\/div>\n\t\t\t\t<\/div>\n\t\t\t\t\t<\/div>\n\t\t<\/div>\n\t\t\t\t\t<\/div>\n\t\t<\/section>\n\t\t\t\t<\/div>\n\t\t","protected":false},"excerpt":{"rendered":"<p>V\u00e4rva en v\u00e4n! Tillsammans blir vi starkare! Nu kan du som medlem p\u00e5 Active Sports Club v\u00e4rva dina v\u00e4nner till&hellip;<\/p>\n","protected":false},"author":1,"featured_media":0,"parent":0,"menu_order":0,"comment_status":"closed","ping_status":"closed","template":"elementor_header_footer","meta":{"footnotes":""},"acf":[],"_links":{"self":[{"href":"https:\/\/activesc.se\/kramfors\/wp-json\/wp\/v2\/pages\/599"}],"collection":[{"href":"https:\/\/activesc.se\/kramfors\/wp-json\/wp\/v2\/pages"}],"about":[{"href":"https:\/\/activesc.se\/kramfors\/wp-json\/wp\/v2\/types\/page"}],"author":[{"embeddable":true,"href":"https:\/\/activesc.se\/kramfors\/wp-json\/wp\/v2\/users\/1"}],"replies":[{"embeddable":true,"href":"https:\/\/activesc.se\/kramfors\/wp-json\/wp\/v2\/comments?post=599"}],"version-history":[{"count":25,"href":"https:\/\/activesc.se\/kramfors\/wp-json\/wp\/v2\/pages\/599\/revisions"}],"predecessor-version":[{"id":86940,"href":"https:\/\/activesc.se\/kramfors\/wp-json\/wp\/v2\/pages\/599\/revisions\/86940"}],"wp:attachment":[{"href":"https:\/\/activesc.se\/kramfors\/wp-json\/wp\/v2\/media?parent=599"}],"curies":[{"name":"wp","href":"https:\/\/api.w.org\/{rel}","templated":true}]}}