{"id":718,"date":"2020-06-23T11:43:48","date_gmt":"2020-06-23T09:43:48","guid":{"rendered":"https:\/\/activesc.se\/bollnas\/?page_id=718"},"modified":"2023-03-13T10:24:12","modified_gmt":"2023-03-13T09:24:12","slug":"policy-for-kamerabevakning","status":"publish","type":"page","link":"https:\/\/activesc.se\/bollnas\/policy-for-kamerabevakning\/","title":{"rendered":"Policy f\u00f6r kamerabevakning"},"content":{"rendered":"\t\t<div data-elementor-type=\"wp-page\" data-elementor-id=\"718\" class=\"elementor elementor-718\" data-elementor-post-type=\"page\">\n\t\t\t\t\t\t<section class=\"elementor-section elementor-top-section elementor-element elementor-element-7113b601 elementor-section-boxed elementor-section-height-default elementor-section-height-default\" data-id=\"7113b601\" data-element_type=\"section\">\n\t\t\t\t\t\t<div class=\"elementor-container elementor-column-gap-default\">\n\t\t\t\t\t<div class=\"elementor-column elementor-col-100 elementor-top-column elementor-element elementor-element-42e891a1\" data-id=\"42e891a1\" data-element_type=\"column\">\n\t\t\t<div class=\"elementor-widget-wrap elementor-element-populated\">\n\t\t\t\t\t\t<div class=\"elementor-element elementor-element-79156d06 elementor-widget elementor-widget-text-editor\" data-id=\"79156d06\" data-element_type=\"widget\" data-widget_type=\"text-editor.default\">\n\t\t\t\t<div class=\"elementor-widget-container\">\n\t\t\t\t\t\t\t<br \/>\n\t\t\t\t\t\t<\/div>\n\t\t\t\t<\/div>\n\t\t\t\t\t<\/div>\n\t\t<\/div>\n\t\t\t\t\t<\/div>\n\t\t<\/section>\n\t\t\t\t<section class=\"elementor-section elementor-top-section elementor-element elementor-element-7598b801 elementor-section-boxed elementor-section-height-default elementor-section-height-default\" data-id=\"7598b801\" data-element_type=\"section\">\n\t\t\t\t\t\t<div class=\"elementor-container elementor-column-gap-default\">\n\t\t\t\t\t<div class=\"elementor-column elementor-col-100 elementor-top-column elementor-element elementor-element-281166bb\" data-id=\"281166bb\" data-element_type=\"column\">\n\t\t\t<div class=\"elementor-widget-wrap elementor-element-populated\">\n\t\t\t\t\t\t<div class=\"elementor-element elementor-element-3af9c5da elementor-widget elementor-widget-text-editor\" data-id=\"3af9c5da\" data-element_type=\"widget\" data-widget_type=\"text-editor.default\">\n\t\t\t\t<div class=\"elementor-widget-container\">\n\t\t\t\t\t\t\t<p>V\u00e5ra gym \u00e4r utrustade med kamerabevakning f\u00f6r att \u00f6ka s\u00e4kerheten och tryggheten f\u00f6r v\u00e5ra medlemmar, v\u00e5r personal samt f\u00f6r att skydda v\u00e5ra tillg\u00e5ngar.<\/p>\t\t\t\t\t\t<\/div>\n\t\t\t\t<\/div>\n\t\t\t\t<div class=\"elementor-element elementor-element-39400bcb elementor-widget elementor-widget-heading\" data-id=\"39400bcb\" data-element_type=\"widget\" data-widget_type=\"heading.default\">\n\t\t\t\t<div class=\"elementor-widget-container\">\n\t\t\t<h2 class=\"elementor-heading-title elementor-size-default\">Sammanfattning<\/h2>\t\t<\/div>\n\t\t\t\t<\/div>\n\t\t\t\t<div class=\"elementor-element elementor-element-7ed978f5 elementor-widget elementor-widget-text-editor\" data-id=\"7ed978f5\" data-element_type=\"widget\" data-widget_type=\"text-editor.default\">\n\t\t\t\t<div class=\"elementor-widget-container\">\n\t\t\t\t\t\t\t<p>Active Sports Club str\u00e4var efter \u00f6ppenhet och transparens med hur vi samlar in, behandlar och delar dina personuppgifter. Lagstiftningen som reglerar hur kamerabevakning f\u00e5r ske framg\u00e5r av Dataskyddsf\u00f6rordningen (GDPR) och regleras i Sverige \u00e4ven genom Kamerabevakningslagen.<\/p>\t\t\t\t\t\t<\/div>\n\t\t\t\t<\/div>\n\t\t\t\t<div class=\"elementor-element elementor-element-6dde4905 elementor-widget elementor-widget-heading\" data-id=\"6dde4905\" data-element_type=\"widget\" data-widget_type=\"heading.default\">\n\t\t\t\t<div class=\"elementor-widget-container\">\n\t\t\t<h2 class=\"elementor-heading-title elementor-size-default\">Vilka uppgifter samlar vi in och vad \u00e4r \u00e4ndam\u00e5len med behandlingen?<\/h2>\t\t<\/div>\n\t\t\t\t<\/div>\n\t\t\t\t<div class=\"elementor-element elementor-element-731896f5 elementor-widget elementor-widget-text-editor\" data-id=\"731896f5\" data-element_type=\"widget\" data-widget_type=\"text-editor.default\">\n\t\t\t\t<div class=\"elementor-widget-container\">\n\t\t\t\t\t\t\t<p>V\u00e5ra gym \u00e4r utrustade med kamerabevakning med inspelning av bildupptagning utan ljud. Om en person som kan identifieras genom bildupptagningen utg\u00f6r inspelningen en personuppgift.<\/p>\n<p>\u00c4ndam\u00e5let med kamerabevakningen och behandlingen av inspelat material \u00e4r att f\u00f6rebygga och utreda brott, olyckor och skadeg\u00f6relse, samt att st\u00e4vja obeh\u00f6riga inpasseringar och brott mot v\u00e5ra trivselregler f\u00f6r att kunna m\u00f6jligg\u00f6ra avst\u00e4ngning av medlem samt i f\u00f6rekommande fall assistera polismyndighet och \u00e5klagare vid misst\u00e4nkt eller konstaterad brottslighet. Syftet med kamerabevakningen \u00e4r att \u00f6ka s\u00e4kerheten och tryggheten f\u00f6r v\u00e5ra medlemmar, v\u00e5r personal samt f\u00f6r att skydda v\u00e5ra tillg\u00e5ngar.<\/p>\t\t\t\t\t\t<\/div>\n\t\t\t\t<\/div>\n\t\t\t\t<div class=\"elementor-element elementor-element-49d6282d elementor-widget elementor-widget-heading\" data-id=\"49d6282d\" data-element_type=\"widget\" data-widget_type=\"heading.default\">\n\t\t\t\t<div class=\"elementor-widget-container\">\n\t\t\t<h2 class=\"elementor-heading-title elementor-size-default\">Vilken \u00e4r den r\u00e4ttsliga grunden f\u00f6r behandlingen?<\/h2>\t\t<\/div>\n\t\t\t\t<\/div>\n\t\t\t\t<div class=\"elementor-element elementor-element-7ea2ccca elementor-widget elementor-widget-text-editor\" data-id=\"7ea2ccca\" data-element_type=\"widget\" data-widget_type=\"text-editor.default\">\n\t\t\t\t<div class=\"elementor-widget-container\">\n\t\t\t\t\t\t\t<p>Den r\u00e4ttsliga grunden f\u00f6r att vi behandlar dina personuppgifter i samband med kamerabevakningen \u00e4r genom en s.k.\u00a0<em>intresseavv\u00e4gning<\/em>\u00a0i enlighet med art. 6 p. 1. f) i Dataskyddsf\u00f6rordningen. Vi har gjort bed\u00f6mningen att behovet av kamerabevakningen \u00e4r st\u00f6rre \u00e4n det intr\u00e5ng i den personliga integriteten som kamerabevakningen kan inneb\u00e4ra f\u00f6r dig som medlem. V\u00e5r bed\u00f6mning \u00e4r gjord med s\u00e4rskild h\u00e4nsyn till det faktum att v\u00e5ra gym \u00e4r obemannade under st\u00f6rre delen av dygnet och f\u00f6r att d\u00e4rigenom kunna tillse en trygg och s\u00e4ker tr\u00e4ningsmilj\u00f6 f\u00f6r v\u00e5ra medlemmar, samt att kamerabevakningen endast sker p\u00e5 begr\u00e4nsade ytor. Vidare har vi s\u00e4kerst\u00e4llt att endast ett begr\u00e4nsat antal personer har tillg\u00e5ng till det inspelade materialet och kommer endast anv\u00e4nda det inspelade materialet enligt de \u00e4ndam\u00e5l som angivits ovan.<\/p>\t\t\t\t\t\t<\/div>\n\t\t\t\t<\/div>\n\t\t\t\t<div class=\"elementor-element elementor-element-3ae7e143 elementor-widget elementor-widget-heading\" data-id=\"3ae7e143\" data-element_type=\"widget\" data-widget_type=\"heading.default\">\n\t\t\t\t<div class=\"elementor-widget-container\">\n\t\t\t<h2 class=\"elementor-heading-title elementor-size-default\">Hur l\u00e4nge sparas inspelat material?<\/h2>\t\t<\/div>\n\t\t\t\t<\/div>\n\t\t\t\t<div class=\"elementor-element elementor-element-1fd91c81 elementor-widget elementor-widget-text-editor\" data-id=\"1fd91c81\" data-element_type=\"widget\" data-widget_type=\"text-editor.default\">\n\t\t\t\t<div class=\"elementor-widget-container\">\n\t\t\t\t\t\t\t<p>Inspelat material sparas endast s\u00e5 l\u00e4nge det beh\u00f6vs f\u00f6r att kunna fullg\u00f6ra de \u00e4ndam\u00e5l som inspelningen samlats in f\u00f6r enligt denna policy, dock l\u00e4ngst i 30 dagar, varefter det raderas automatiskt. Vi kan komma att spara materialet l\u00e4ngre \u00e4n 30 dagar om det beh\u00f6vs f\u00f6r att f\u00f6lja lagkrav eller tillvarata r\u00e4ttsliga intressen, t ex om det p\u00e5g\u00e5r en juridisk process.<\/p>\t\t\t\t\t\t<\/div>\n\t\t\t\t<\/div>\n\t\t\t\t<div class=\"elementor-element elementor-element-2fbf83f3 elementor-widget elementor-widget-heading\" data-id=\"2fbf83f3\" data-element_type=\"widget\" data-widget_type=\"heading.default\">\n\t\t\t\t<div class=\"elementor-widget-container\">\n\t\t\t<h2 class=\"elementor-heading-title elementor-size-default\">Vem har tillg\u00e5ng till inspelningarna?<\/h2>\t\t<\/div>\n\t\t\t\t<\/div>\n\t\t\t\t<div class=\"elementor-element elementor-element-20c9faac elementor-widget elementor-widget-text-editor\" data-id=\"20c9faac\" data-element_type=\"widget\" data-widget_type=\"text-editor.default\">\n\t\t\t\t<div class=\"elementor-widget-container\">\n\t\t\t\t\t\t\t<p>Din personliga integritet \u00e4r mycket viktig f\u00f6r oss. Vi har s\u00e4kerst\u00e4llt att endast ett begr\u00e4nsat antal anst\u00e4llda har tillg\u00e5ng till det inspelade materialet. Dina uppgifter kan \u00e4ven komma att behandlas av s\u00e5 kallade personuppgiftsbitr\u00e4den, det vill s\u00e4ga av f\u00f6retag som vi anlitar avseende bevakning, s\u00e4kerhet, kamerasystem, felanm\u00e4lan och kundsupport. Dessa parter f\u00e5r inte anv\u00e4nda dina personuppgifter f\u00f6r n\u00e5got annat \u00e4ndam\u00e5l \u00e4n f\u00f6r att tillhandah\u00e5lla de tj\u00e4nster de anlitats f\u00f6r och enbart p\u00e5 de villkor vi anger.<\/p>\n<p>Uppgifter kan ocks\u00e5 komma att behandlas av polismyndighet, t ex vid polisanm\u00e4lan eller fullg\u00f6rande av r\u00e4ttslig process.<\/p>\t\t\t\t\t\t<\/div>\n\t\t\t\t<\/div>\n\t\t\t\t<div class=\"elementor-element elementor-element-30093102 elementor-widget elementor-widget-heading\" data-id=\"30093102\" data-element_type=\"widget\" data-widget_type=\"heading.default\">\n\t\t\t\t<div class=\"elementor-widget-container\">\n\t\t\t<h2 class=\"elementor-heading-title elementor-size-default\">Dina r\u00e4ttigheter<\/h2>\t\t<\/div>\n\t\t\t\t<\/div>\n\t\t\t\t<div class=\"elementor-element elementor-element-794ffec9 elementor-widget elementor-widget-text-editor\" data-id=\"794ffec9\" data-element_type=\"widget\" data-widget_type=\"text-editor.default\">\n\t\t\t\t<div class=\"elementor-widget-container\">\n\t\t\t\t\t\t\t<p>Du har r\u00e4tt att f\u00e5 veta vilka personuppgifter vi behandlar om dig. Du har \u00e4ven r\u00e4tt att beg\u00e4ra att vi r\u00e4ttar eller raderar dina personuppgifter. Dessutom har du r\u00e4tt att beg\u00e4ra att vi begr\u00e4nsar behandlingen av dina personuppgifter och \u00e4ven r\u00e4tt att inv\u00e4nda mot att vi behandlar dina personuppgifter.<\/p>\n<p>Om du anser att vi har brutit mot reglerna f\u00f6r behandling av personuppgifter eller har andra funderingar kring personuppgifter kan du kontakta din nationella dataskyddsmyndighet.\u00a0<a href=\"http:\/\/ec.europa.eu\/newsroom\/article29\/item-detail.cfm?item_id=612080\" target=\"_blank\" rel=\"noreferrer noopener\">Lista \u00f6ver dessa finner du h\u00e4r.<\/a><\/p>\t\t\t\t\t\t<\/div>\n\t\t\t\t<\/div>\n\t\t\t\t<div class=\"elementor-element elementor-element-6bd454b2 elementor-widget elementor-widget-heading\" data-id=\"6bd454b2\" data-element_type=\"widget\" data-widget_type=\"heading.default\">\n\t\t\t\t<div class=\"elementor-widget-container\">\n\t\t\t<h2 class=\"elementor-heading-title elementor-size-default\">Personuppgiftsansvarig & kontakt<\/h2>\t\t<\/div>\n\t\t\t\t<\/div>\n\t\t\t\t<div class=\"elementor-element elementor-element-6013a51f elementor-widget elementor-widget-text-editor\" data-id=\"6013a51f\" data-element_type=\"widget\" data-widget_type=\"text-editor.default\">\n\t\t\t\t<div class=\"elementor-widget-container\">\n\t\t\t\t\t\t\t<p>Ljusnans Tr\u00e4ning &#038; H\u00e4lsa AB, 559134-8429<br \/>\u00c5sv\u00e4gen 140<br \/>836 71 \u00c5S<br \/>info@activesc.se<\/p>\t\t\t\t\t\t<\/div>\n\t\t\t\t<\/div>\n\t\t\t\t\t<\/div>\n\t\t<\/div>\n\t\t\t\t\t<\/div>\n\t\t<\/section>\n\t\t\t\t<\/div>\n\t\t","protected":false},"excerpt":{"rendered":"<p>V\u00e5ra gym \u00e4r utrustade med kamerabevakning f\u00f6r att \u00f6ka s\u00e4kerheten och tryggheten f\u00f6r v\u00e5ra medlemmar, v\u00e5r personal samt f\u00f6r att skydda v\u00e5ra tillg\u00e5ngar. Sammanfattning Active Sports Club str\u00e4var efter \u00f6ppenhet och transparens med hur vi samlar in, behandlar och delar dina personuppgifter. Lagstiftningen som reglerar hur kamerabevakning f\u00e5r ske framg\u00e5r av Dataskyddsf\u00f6rordningen (GDPR) och regleras&hellip;<\/p>\n","protected":false},"author":1,"featured_media":0,"parent":0,"menu_order":0,"comment_status":"closed","ping_status":"closed","template":"","meta":{"footnotes":""},"acf":[],"_links":{"self":[{"href":"https:\/\/activesc.se\/bollnas\/wp-json\/wp\/v2\/pages\/718"}],"collection":[{"href":"https:\/\/activesc.se\/bollnas\/wp-json\/wp\/v2\/pages"}],"about":[{"href":"https:\/\/activesc.se\/bollnas\/wp-json\/wp\/v2\/types\/page"}],"author":[{"embeddable":true,"href":"https:\/\/activesc.se\/bollnas\/wp-json\/wp\/v2\/users\/1"}],"replies":[{"embeddable":true,"href":"https:\/\/activesc.se\/bollnas\/wp-json\/wp\/v2\/comments?post=718"}],"version-history":[{"count":12,"href":"https:\/\/activesc.se\/bollnas\/wp-json\/wp\/v2\/pages\/718\/revisions"}],"predecessor-version":[{"id":87084,"href":"https:\/\/activesc.se\/bollnas\/wp-json\/wp\/v2\/pages\/718\/revisions\/87084"}],"wp:attachment":[{"href":"https:\/\/activesc.se\/bollnas\/wp-json\/wp\/v2\/media?parent=718"}],"curies":[{"name":"wp","href":"https:\/\/api.w.org\/{rel}","templated":true}]}}

Policy för kamerabevakning

<div data-elementor-type="wp-page" data-elementor-id="718" class="elementor elementor-718" data-elementor-post-type="page">
						<section class="elementor-section elementor-top-section elementor-element elementor-element-7113b601 elementor-section-boxed elementor-section-height-default elementor-section-height-default" data-id="7113b601" data-element_type="section">
						<div class="elementor-container elementor-column-gap-default">
					<div class="elementor-column elementor-col-100 elementor-top-column elementor-element elementor-element-42e891a1" data-id="42e891a1" data-element_type="column">
			<div class="elementor-widget-wrap elementor-element-populated">
						<div class="elementor-element elementor-element-79156d06 elementor-widget elementor-widget-text-editor" data-id="79156d06" data-element_type="widget" data-widget_type="text-editor.default">
				<div class="elementor-widget-container">
							<br />
						</div>
				</div>
					</div>
		</div>
					</div>
		</section>
				<section class="elementor-section elementor-top-section elementor-element elementor-element-7598b801 elementor-section-boxed elementor-section-height-default elementor-section-height-default" data-id="7598b801" data-element_type="section">
						<div class="elementor-container elementor-column-gap-default">
					<div class="elementor-column elementor-col-100 elementor-top-column elementor-element elementor-element-281166bb" data-id="281166bb" data-element_type="column">
			<div class="elementor-widget-wrap elementor-element-populated">
						<div class="elementor-element elementor-element-3af9c5da elementor-widget elementor-widget-text-editor" data-id="3af9c5da" data-element_type="widget" data-widget_type="text-editor.default">
				<div class="elementor-widget-container">
							<p>Våra gym är utrustade med kamerabevakning för att öka säkerheten och tryggheten för våra medlemmar, vår personal samt för att skydda våra tillgångar.</p>						</div>
				</div>
				<div class="elementor-element elementor-element-39400bcb elementor-widget elementor-widget-heading" data-id="39400bcb" data-element_type="widget" data-widget_type="heading.default">
				<div class="elementor-widget-container">
			<h2 class="elementor-heading-title elementor-size-default">Sammanfattning</h2>		</div>
				</div>
				<div class="elementor-element elementor-element-7ed978f5 elementor-widget elementor-widget-text-editor" data-id="7ed978f5" data-element_type="widget" data-widget_type="text-editor.default">
				<div class="elementor-widget-container">
							<p>Active Sports Club strävar efter öppenhet och transparens med hur vi samlar in, behandlar och delar dina personuppgifter. Lagstiftningen som reglerar hur kamerabevakning får ske framgår av Dataskyddsförordningen (GDPR) och regleras i Sverige även genom Kamerabevakningslagen.</p>						</div>
				</div>
				<div class="elementor-element elementor-element-6dde4905 elementor-widget elementor-widget-heading" data-id="6dde4905" data-element_type="widget" data-widget_type="heading.default">
				<div class="elementor-widget-container">
			<h2 class="elementor-heading-title elementor-size-default">Vilka uppgifter samlar vi in och vad är ändamålen med behandlingen?</h2>		</div>
				</div>
				<div class="elementor-element elementor-element-731896f5 elementor-widget elementor-widget-text-editor" data-id="731896f5" data-element_type="widget" data-widget_type="text-editor.default">
				<div class="elementor-widget-container">
							<p>Våra gym är utrustade med kamerabevakning med inspelning av bildupptagning utan ljud. Om en person som kan identifieras genom bildupptagningen utgör inspelningen en personuppgift.</p>
<p>Ändamålet med kamerabevakningen och behandlingen av inspelat material är att förebygga och utreda brott, olyckor och skadegörelse, samt att stävja obehöriga inpasseringar och brott mot våra trivselregler för att kunna möjliggöra avstängning av medlem samt i förekommande fall assistera polismyndighet och åklagare vid misstänkt eller konstaterad brottslighet. Syftet med kamerabevakningen är att öka säkerheten och tryggheten för våra medlemmar, vår personal samt för att skydda våra tillgångar.</p>						</div>
				</div>
				<div class="elementor-element elementor-element-49d6282d elementor-widget elementor-widget-heading" data-id="49d6282d" data-element_type="widget" data-widget_type="heading.default">
				<div class="elementor-widget-container">
			<h2 class="elementor-heading-title elementor-size-default">Vilken är den rättsliga grunden för behandlingen?</h2>		</div>
				</div>
				<div class="elementor-element elementor-element-7ea2ccca elementor-widget elementor-widget-text-editor" data-id="7ea2ccca" data-element_type="widget" data-widget_type="text-editor.default">
				<div class="elementor-widget-container">
							<p>Den rättsliga grunden för att vi behandlar dina personuppgifter i samband med kamerabevakningen är genom en s.k. <em>intresseavvägning</em> i enlighet med art. 6 p. 1. f) i Dataskyddsförordningen. Vi har gjort bedömningen att behovet av kamerabevakningen är större än det intrång i den personliga integriteten som kamerabevakningen kan innebära för dig som medlem. Vår bedömning är gjord med särskild hänsyn till det faktum att våra gym är obemannade under större delen av dygnet och för att därigenom kunna tillse en trygg och säker träningsmiljö för våra medlemmar, samt att kamerabevakningen endast sker på begränsade ytor. Vidare har vi säkerställt att endast ett begränsat antal personer har tillgång till det inspelade materialet och kommer endast använda det inspelade materialet enligt de ändamål som angivits ovan.</p>						</div>
				</div>
				<div class="elementor-element elementor-element-3ae7e143 elementor-widget elementor-widget-heading" data-id="3ae7e143" data-element_type="widget" data-widget_type="heading.default">
				<div class="elementor-widget-container">
			<h2 class="elementor-heading-title elementor-size-default">Hur länge sparas inspelat material?</h2>		</div>
				</div>
				<div class="elementor-element elementor-element-1fd91c81 elementor-widget elementor-widget-text-editor" data-id="1fd91c81" data-element_type="widget" data-widget_type="text-editor.default">
				<div class="elementor-widget-container">
							<p>Inspelat material sparas endast så länge det behövs för att kunna fullgöra de ändamål som inspelningen samlats in för enligt denna policy, dock längst i 30 dagar, varefter det raderas automatiskt. Vi kan komma att spara materialet längre än 30 dagar om det behövs för att följa lagkrav eller tillvarata rättsliga intressen, t ex om det pågår en juridisk process.</p>						</div>
				</div>
				<div class="elementor-element elementor-element-2fbf83f3 elementor-widget elementor-widget-heading" data-id="2fbf83f3" data-element_type="widget" data-widget_type="heading.default">
				<div class="elementor-widget-container">
			<h2 class="elementor-heading-title elementor-size-default">Vem har tillgång till inspelningarna?</h2>		</div>
				</div>
				<div class="elementor-element elementor-element-20c9faac elementor-widget elementor-widget-text-editor" data-id="20c9faac" data-element_type="widget" data-widget_type="text-editor.default">
				<div class="elementor-widget-container">
							<p>Din personliga integritet är mycket viktig för oss. Vi har säkerställt att endast ett begränsat antal anställda har tillgång till det inspelade materialet. Dina uppgifter kan även komma att behandlas av så kallade personuppgiftsbiträden, det vill säga av företag som vi anlitar avseende bevakning, säkerhet, kamerasystem, felanmälan och kundsupport. Dessa parter får inte använda dina personuppgifter för något annat ändamål än för att tillhandahålla de tjänster de anlitats för och enbart på de villkor vi anger.</p>
<p>Uppgifter kan också komma att behandlas av polismyndighet, t ex vid polisanmälan eller fullgörande av rättslig process.</p>						</div>
				</div>
				<div class="elementor-element elementor-element-30093102 elementor-widget elementor-widget-heading" data-id="30093102" data-element_type="widget" data-widget_type="heading.default">
				<div class="elementor-widget-container">
			<h2 class="elementor-heading-title elementor-size-default">Dina rättigheter</h2>		</div>
				</div>
				<div class="elementor-element elementor-element-794ffec9 elementor-widget elementor-widget-text-editor" data-id="794ffec9" data-element_type="widget" data-widget_type="text-editor.default">
				<div class="elementor-widget-container">
							<p>Du har rätt att få veta vilka personuppgifter vi behandlar om dig. Du har även rätt att begära att vi rättar eller raderar dina personuppgifter. Dessutom har du rätt att begära att vi begränsar behandlingen av dina personuppgifter och även rätt att invända mot att vi behandlar dina personuppgifter.</p>
<p>Om du anser att vi har brutit mot reglerna för behandling av personuppgifter eller har andra funderingar kring personuppgifter kan du kontakta din nationella dataskyddsmyndighet. <a href="http://ec.europa.eu/newsroom/article29/item-detail.cfm?item_id=612080" target="_blank" rel="noreferrer noopener">Lista över dessa finner du här.</a></p>						</div>
				</div>
				<div class="elementor-element elementor-element-6bd454b2 elementor-widget elementor-widget-heading" data-id="6bd454b2" data-element_type="widget" data-widget_type="heading.default">
				<div class="elementor-widget-container">
			<h2 class="elementor-heading-title elementor-size-default">Personuppgiftsansvarig & kontakt</h2>		</div>
				</div>
				<div class="elementor-element elementor-element-6013a51f elementor-widget elementor-widget-text-editor" data-id="6013a51f" data-element_type="widget" data-widget_type="text-editor.default">
				<div class="elementor-widget-container">
							<p>Ljusnans Träning &#038; Hälsa AB, 559134-8429<br />Åsvägen 140<br />836 71 ÅS<br />info@activesc.se</p>						</div>
				</div>
					</div>
		</div>
					</div>
		</section>
				</div>

<p>Våra gym är utrustade med kamerabevakning för att öka säkerheten och tryggheten för våra medlemmar, vår personal samt för att skydda våra tillgångar. Sammanfattning Active Sports Club strävar efter öppenhet och transparens med hur vi samlar in, behandlar och delar dina personuppgifter. Lagstiftningen som reglerar hur kamerabevakning får ske framgår av Dataskyddsförordningen (GDPR) och regleras&hellip;</p>
