{"id":353,"date":"2019-08-13T16:00:22","date_gmt":"2019-08-13T14:00:22","guid":{"rendered":"https:\/\/activesc.se\/bollnas\/?page_id=353"},"modified":"2023-03-13T10:26:28","modified_gmt":"2023-03-13T09:26:28","slug":"uppsagning","status":"publish","type":"page","link":"https:\/\/activesc.se\/bollnas\/uppsagning\/","title":{"rendered":"Upps\u00e4gning"},"content":{"rendered":"\t\t<div data-elementor-type=\"wp-page\" data-elementor-id=\"353\" class=\"elementor elementor-353\" data-elementor-post-type=\"page\">\n\t\t\t\t\t\t<section class=\"elementor-section elementor-top-section elementor-element elementor-element-a89f45d elementor-section-boxed elementor-section-height-default elementor-section-height-default\" data-id=\"a89f45d\" data-element_type=\"section\">\n\t\t\t\t\t\t<div class=\"elementor-container elementor-column-gap-wide\">\n\t\t\t\t\t<div class=\"elementor-column elementor-col-100 elementor-top-column elementor-element elementor-element-5fad2137\" data-id=\"5fad2137\" data-element_type=\"column\">\n\t\t\t<div class=\"elementor-widget-wrap elementor-element-populated\">\n\t\t\t\t\t\t<div class=\"elementor-element elementor-element-1862365a elementor-widget elementor-widget-heading\" data-id=\"1862365a\" data-element_type=\"widget\" data-widget_type=\"heading.default\">\n\t\t\t\t<div class=\"elementor-widget-container\">\n\t\t\t<h3 class=\"elementor-heading-title elementor-size-default\">Vill du avsluta ditt medlemskap?<\/h3>\t\t<\/div>\n\t\t\t\t<\/div>\n\t\t\t\t<div class=\"elementor-element elementor-element-5b08a498 elementor-widget elementor-widget-heading\" data-id=\"5b08a498\" data-element_type=\"widget\" data-widget_type=\"heading.default\">\n\t\t\t\t<div class=\"elementor-widget-container\">\n\t\t\t<h3 class=\"elementor-heading-title elementor-size-default\">D\u00e5 vill vi tacka f\u00f6r den h\u00e4r tiden tillsammans!<\/h3>\t\t<\/div>\n\t\t\t\t<\/div>\n\t\t\t\t\t<\/div>\n\t\t<\/div>\n\t\t\t\t\t<\/div>\n\t\t<\/section>\n\t\t\t\t<section class=\"elementor-section elementor-top-section elementor-element elementor-element-13fc05fd elementor-section-boxed elementor-section-height-default elementor-section-height-default\" data-id=\"13fc05fd\" data-element_type=\"section\">\n\t\t\t\t\t\t<div class=\"elementor-container elementor-column-gap-no\">\n\t\t\t\t\t<div class=\"elementor-column elementor-col-100 elementor-top-column elementor-element elementor-element-5f6975e6\" data-id=\"5f6975e6\" data-element_type=\"column\">\n\t\t\t<div class=\"elementor-widget-wrap elementor-element-populated\">\n\t\t\t\t\t\t<div class=\"elementor-element elementor-element-73df87e1 elementor-widget-divider--view-line_icon elementor-view-default elementor-widget-divider--element-align-center elementor-widget elementor-widget-divider\" data-id=\"73df87e1\" data-element_type=\"widget\" data-widget_type=\"divider.default\">\n\t\t\t\t<div class=\"elementor-widget-container\">\n\t\t\t\t\t<div class=\"elementor-divider\">\n\t\t\t<span class=\"elementor-divider-separator\">\n\t\t\t\t\t\t\t<div class=\"elementor-icon elementor-divider__element\">\n\t\t\t\t\t<i aria-hidden=\"true\" class=\"far fa-heart\"><\/i><\/div>\n\t\t\t\t\t\t<\/span>\n\t\t<\/div>\n\t\t\t\t<\/div>\n\t\t\t\t<\/div>\n\t\t\t\t\t<\/div>\n\t\t<\/div>\n\t\t\t\t\t<\/div>\n\t\t<\/section>\n\t\t\t\t<section class=\"elementor-section elementor-top-section elementor-element elementor-element-106ad73c elementor-section-height-min-height elementor-section-items-stretch elementor-reverse-mobile elementor-section-boxed elementor-section-height-default\" data-id=\"106ad73c\" data-element_type=\"section\">\n\t\t\t\t\t\t<div class=\"elementor-container elementor-column-gap-wide\">\n\t\t\t\t\t<div class=\"elementor-column elementor-col-50 elementor-top-column elementor-element elementor-element-55cf57e5\" data-id=\"55cf57e5\" data-element_type=\"column\" data-settings=\"{&quot;background_background&quot;:&quot;gradient&quot;}\">\n\t\t\t<div class=\"elementor-widget-wrap elementor-element-populated\">\n\t\t\t\t\t\t<div class=\"elementor-element elementor-element-5094a299 elementor-widget elementor-widget-heading\" data-id=\"5094a299\" data-element_type=\"widget\" data-widget_type=\"heading.default\">\n\t\t\t\t<div class=\"elementor-widget-container\">\n\t\t\t<h3 class=\"elementor-heading-title elementor-size-default\">Anl\u00e4ggningar<\/h3>\t\t<\/div>\n\t\t\t\t<\/div>\n\t\t\t\t<div class=\"elementor-element elementor-element-3e334093 elementor-widget elementor-widget-text-editor\" data-id=\"3e334093\" data-element_type=\"widget\" data-widget_type=\"text-editor.default\">\n\t\t\t\t<div class=\"elementor-widget-container\">\n\t\t\t\t\t\t\t<ul><li><strong>Bolln\u00e4s<\/strong><br \/>bollnas@activesc.se<br \/><br \/><\/li><li><strong>Bruksvallarna<\/strong><br \/>bruksvallarna@activesc.se<br \/><br \/><\/li><li><strong>Kramfors<\/strong><br \/>kramfors@activesc.se<br \/><br \/><\/li><li><strong>Sollefte\u00e5<\/strong><br \/>solleftea@activesc.se<br \/><br \/><\/li><li><strong>S\u00e4len<\/strong><br \/>salen@activesc.se<br \/><br \/><\/li><li><strong>\u00d6stersund<\/strong><br \/>ostersund@activesc.se<\/li><\/ul>\t\t\t\t\t\t<\/div>\n\t\t\t\t<\/div>\n\t\t\t\t\t<\/div>\n\t\t<\/div>\n\t\t\t\t<div class=\"elementor-column elementor-col-50 elementor-top-column elementor-element elementor-element-5d7c0b3d\" data-id=\"5d7c0b3d\" data-element_type=\"column\">\n\t\t\t<div class=\"elementor-widget-wrap elementor-element-populated\">\n\t\t\t\t\t\t<div class=\"elementor-element elementor-element-6cdfba5b elementor-widget elementor-widget-heading\" data-id=\"6cdfba5b\" data-element_type=\"widget\" data-widget_type=\"heading.default\">\n\t\t\t\t<div class=\"elementor-widget-container\">\n\t\t\t<h3 class=\"elementor-heading-title elementor-size-default\">Information<\/h3>\t\t<\/div>\n\t\t\t\t<\/div>\n\t\t\t\t<div class=\"elementor-element elementor-element-411f4bfd elementor-widget elementor-widget-text-editor\" data-id=\"411f4bfd\" data-element_type=\"widget\" data-widget_type=\"text-editor.default\">\n\t\t\t\t<div class=\"elementor-widget-container\">\n\t\t\t\t\t\t\t<p>Om du vill s\u00e4ga upp ditt medlemskap p\u00e5 Active Sports Club g\u00e4ller 3 hela kalenderm\u00e5naders upps\u00e4gningstid.<\/p><p>Har du k\u00f6pt ditt medlemskap efter den 31\/12 2022 g\u00e4ller 2 hela kalenderm\u00e5naders upps\u00e4gningstid!<\/p><p>Exempel:<br \/>\u2013 Du s\u00e4ger upp medlemskapet den 4e januari.<br \/>\u2013 3 hela kalenderm\u00e5naders upps\u00e4gningstid g\u00e4ller. (februari, mars, april)<br \/>\u2013 Du kommer att debiteras f\u00f6r dessa tre m\u00e5nader.<br \/>\u2013 Ditt medlemskap avslutas den 31 april.<\/p><p>Alla upps\u00e4gningar av medlemskap sker via mail till din anl\u00e4ggning!<\/p><p>Mailet skall inneh\u00e5lla f\u00f6ljande<\/p><p>F\u00f6r- och efternamn<br \/>Personnummer \/ F\u00f6delsedatum<br \/>Datum fr\u00e5n n\u00e4r upps\u00e4gning av medlemskap skall g\u00e4lla<br \/>Anledning<\/p>\t\t\t\t\t\t<\/div>\n\t\t\t\t<\/div>\n\t\t\t\t<div class=\"elementor-element elementor-element-1b119ab9 elementor-widget elementor-widget-spacer\" data-id=\"1b119ab9\" data-element_type=\"widget\" data-widget_type=\"spacer.default\">\n\t\t\t\t<div class=\"elementor-widget-container\">\n\t\t\t\t\t<div class=\"elementor-spacer\">\n\t\t\t<div class=\"elementor-spacer-inner\"><\/div>\n\t\t<\/div>\n\t\t\t\t<\/div>\n\t\t\t\t<\/div>\n\t\t\t\t\t<\/div>\n\t\t<\/div>\n\t\t\t\t\t<\/div>\n\t\t<\/section>\n\t\t\t\t<\/div>\n\t\t","protected":false},"excerpt":{"rendered":"<p>Vill du avsluta ditt medlemskap? D\u00e5 vill vi tacka f\u00f6r den h\u00e4r tiden tillsammans! Anl\u00e4ggningar Bolln\u00e4sbollnas@activesc.se Bruksvallarnabruksvallarna@activesc.se Kramforskramfors@activesc.se Sollefte\u00e5solleftea@activesc.se S\u00e4lensalen@activesc.se \u00d6stersundostersund@activesc.se Information Om du vill s\u00e4ga upp ditt medlemskap p\u00e5 Active Sports Club g\u00e4ller 3 hela kalenderm\u00e5naders upps\u00e4gningstid. Har du k\u00f6pt ditt medlemskap efter den 31\/12 2022 g\u00e4ller 2 hela kalenderm\u00e5naders upps\u00e4gningstid! Exempel:\u2013 Du s\u00e4ger&hellip;<\/p>\n","protected":false},"author":1,"featured_media":0,"parent":0,"menu_order":0,"comment_status":"closed","ping_status":"closed","template":"","meta":{"footnotes":""},"acf":[],"_links":{"self":[{"href":"https:\/\/activesc.se\/bollnas\/wp-json\/wp\/v2\/pages\/353"}],"collection":[{"href":"https:\/\/activesc.se\/bollnas\/wp-json\/wp\/v2\/pages"}],"about":[{"href":"https:\/\/activesc.se\/bollnas\/wp-json\/wp\/v2\/types\/page"}],"author":[{"embeddable":true,"href":"https:\/\/activesc.se\/bollnas\/wp-json\/wp\/v2\/users\/1"}],"replies":[{"embeddable":true,"href":"https:\/\/activesc.se\/bollnas\/wp-json\/wp\/v2\/comments?post=353"}],"version-history":[{"count":18,"href":"https:\/\/activesc.se\/bollnas\/wp-json\/wp\/v2\/pages\/353\/revisions"}],"predecessor-version":[{"id":87090,"href":"https:\/\/activesc.se\/bollnas\/wp-json\/wp\/v2\/pages\/353\/revisions\/87090"}],"wp:attachment":[{"href":"https:\/\/activesc.se\/bollnas\/wp-json\/wp\/v2\/media?parent=353"}],"curies":[{"name":"wp","href":"https:\/\/api.w.org\/{rel}","templated":true}]}}